Last updated on 2022-04-24 03:52:33 CEST.
Flavor | Version | Tinstall | Tcheck | Ttotal | Status | Flags |
---|---|---|---|---|---|---|
r-devel-linux-x86_64-debian-clang | 0.1.2 | 5.61 | 46.31 | 51.92 | OK | |
r-devel-linux-x86_64-debian-gcc | 0.1.2 | 3.03 | 34.99 | 38.02 | OK | |
r-devel-linux-x86_64-fedora-clang | 0.1.2 | 60.88 | OK | |||
r-devel-linux-x86_64-fedora-gcc | 0.1.2 | 48.93 | OK | |||
r-patched-linux-x86_64 | 0.1.2 | 5.61 | 45.07 | 50.68 | OK | |
r-release-linux-x86_64 | 0.1.2 | 4.60 | 43.12 | 47.72 | OK | |
r-release-macos-arm64 | 0.1.2 | OK | ||||
r-release-macos-x86_64 | 0.1.2 | WARN | --as-cran | |||
r-release-windows-x86_64 | 0.1.2 | 48.00 | 64.00 | 112.00 | OK | |
r-oldrel-macos-arm64 | 0.1.2 | OK | ||||
r-oldrel-macos-x86_64 | 0.1.2 | WARN | --as-cran | |||
r-oldrel-windows-ix86+x86_64 | 0.1.2 | 11.00 | 52.00 | 63.00 | OK |
Version: 0.1.2
Flags: --as-cran
Check: CRAN incoming feasibility
Result: WARN
Maintainer: ‘John Coene <jcoenep@gmail.com>’
Insufficient package version (submitted: 0.1.2, existing: 0.1.2)
Days since last update: 1
Flavors: r-release-macos-x86_64, r-oldrel-macos-x86_64
Version: 0.1.2
Flags: --as-cran
Check: top-level files
Result: NOTE
Files ‘README.md’ or ‘NEWS.md’ cannot be checked without ‘pandoc’ being installed.
Flavors: r-release-macos-x86_64, r-oldrel-macos-x86_64