Last updated on 2022-04-24 03:52:33 CEST.
Flavor | Version | Tinstall | Tcheck | Ttotal | Status | Flags |
---|---|---|---|---|---|---|
r-devel-linux-x86_64-debian-clang | 0.4.1 | 114.19 | 179.31 | 293.50 | OK | |
r-devel-linux-x86_64-debian-gcc | 0.4.1 | 96.89 | 121.00 | 217.89 | OK | |
r-devel-linux-x86_64-fedora-clang | 0.4.1 | 398.95 | OK | |||
r-devel-linux-x86_64-fedora-gcc | 0.4.1 | 358.12 | OK | |||
r-patched-linux-x86_64 | 0.4.1 | 105.20 | 169.21 | 274.41 | OK | |
r-release-linux-x86_64 | 0.4.1 | 99.53 | 161.29 | 260.82 | OK | |
r-release-macos-arm64 | 0.4.1 | NOTE | ||||
r-release-macos-x86_64 | 0.4.1 | NOTE | ||||
r-release-windows-x86_64 | 0.4.1 | 115.00 | 219.00 | 334.00 | OK | |
r-oldrel-macos-arm64 | 0.4.1 | NOTE | ||||
r-oldrel-macos-x86_64 | 0.4.1 | NOTE | ||||
r-oldrel-windows-ix86+x86_64 | 0.4.1 | 276.00 | 372.00 | 648.00 | OK |
Version: 0.4.1
Check: installed package size
Result: NOTE
installed size is 6.9Mb
sub-directories of 1Mb or more:
libs 6.6Mb
Flavors: r-release-macos-arm64, r-release-macos-x86_64, r-oldrel-macos-arm64, r-oldrel-macos-x86_64