Last updated on 2022-04-24 03:52:33 CEST.
| Flavor | Version | Tinstall | Tcheck | Ttotal | Status | Flags | 
|---|---|---|---|---|---|---|
| r-devel-linux-x86_64-debian-clang | 0.6.0 | 45.08 | 88.59 | 133.67 | OK | |
| r-devel-linux-x86_64-debian-gcc | 0.6.0 | 32.15 | 65.38 | 97.53 | OK | |
| r-devel-linux-x86_64-fedora-clang | 0.6.0 | 171.28 | OK | |||
| r-devel-linux-x86_64-fedora-gcc | 0.6.0 | 140.82 | OK | |||
| r-patched-linux-x86_64 | 0.6.0 | 37.90 | 86.10 | 124.00 | OK | |
| r-release-linux-x86_64 | 0.6.0 | 33.45 | 85.91 | 119.36 | OK | |
| r-release-macos-arm64 | 0.6.0 | OK | ||||
| r-release-macos-x86_64 | 0.6.0 | OK | ||||
| r-release-windows-x86_64 | 0.6.0 | 58.00 | 130.00 | 188.00 | OK | |
| r-oldrel-macos-arm64 | 0.6.0 | OK | ||||
| r-oldrel-macos-x86_64 | 0.6.0 | OK | ||||
| r-oldrel-windows-ix86+x86_64 | 0.6.0 | 95.00 | 167.00 | 262.00 | NOTE | 
Version: 0.6.0
Check: installed package size
Result: NOTE
      installed size is  5.2Mb
      sub-directories of 1Mb or more:
        data   1.7Mb
        doc    1.3Mb
        libs   2.0Mb
Flavor: r-oldrel-windows-ix86+x86_64