Last updated on 2022-04-24 03:52:33 CEST.
Flavor | Version | Tinstall | Tcheck | Ttotal | Status | Flags |
---|---|---|---|---|---|---|
r-devel-linux-x86_64-debian-clang | 1.0.10 | 165.73 | 161.76 | 327.49 | OK | |
r-devel-linux-x86_64-debian-gcc | 1.0.10 | 132.05 | 121.92 | 253.97 | OK | |
r-patched-linux-x86_64 | 1.0.10 | 150.28 | 153.27 | 303.55 | OK | |
r-release-linux-x86_64 | 1.0.10 | 149.04 | 140.79 | 289.83 | OK | |
r-release-macos-arm64 | 1.0.10 | NOTE | ||||
r-release-macos-x86_64 | 1.0.10 | NOTE | ||||
r-release-windows-x86_64 | 1.0.10 | 159.00 | 153.00 | 312.00 | OK | |
r-oldrel-macos-arm64 | 1.0.10 | NOTE | ||||
r-oldrel-macos-x86_64 | 1.0.10 | NOTE | ||||
r-oldrel-windows-ix86+x86_64 | 1.0.10 | 343.00 | 221.00 | 564.00 | OK |
Version: 1.0.10
Check: package dependencies
Result: NOTE
Package suggested but not available for checking: ‘scde’
Flavors: r-release-macos-arm64, r-oldrel-macos-arm64
Version: 1.0.10
Check: installed package size
Result: NOTE
installed size is 7.0Mb
sub-directories of 1Mb or more:
libs 5.2Mb
Flavors: r-release-macos-arm64, r-release-macos-x86_64, r-oldrel-macos-arm64, r-oldrel-macos-x86_64