Last updated on 2022-04-24 03:52:33 CEST.
Flavor | Version | Tinstall | Tcheck | Ttotal | Status | Flags |
---|---|---|---|---|---|---|
r-devel-linux-x86_64-debian-clang | 0.1.0 | 3.67 | 48.44 | 52.11 | NOTE | |
r-devel-linux-x86_64-debian-gcc | 0.1.0 | 2.94 | 36.69 | 39.63 | NOTE | |
r-devel-linux-x86_64-fedora-clang | 0.1.0 | 61.88 | NOTE | |||
r-devel-linux-x86_64-fedora-gcc | 0.1.0 | 50.90 | NOTE | |||
r-patched-linux-x86_64 | 0.1.0 | 3.47 | 45.07 | 48.54 | NOTE | |
r-release-linux-x86_64 | 0.1.0 | 2.53 | 44.59 | 47.12 | NOTE | |
r-release-macos-arm64 | 0.1.0 | NOTE | ||||
r-release-macos-x86_64 | 0.1.0 | NOTE | ||||
r-release-windows-x86_64 | 0.1.0 | 13.00 | 73.00 | 86.00 | NOTE | |
r-oldrel-macos-arm64 | 0.1.0 | NOTE | ||||
r-oldrel-macos-x86_64 | 0.1.0 | NOTE | ||||
r-oldrel-windows-ix86+x86_64 | 0.1.0 | 10.00 | 63.00 | 73.00 | NOTE |
Version: 0.1.0
Check: R code for possible problems
Result: NOTE
pairsD3: no visible global function definition for 'gray.colors'
Undefined global functions or variables:
gray.colors
Consider adding
importFrom("grDevices", "gray.colors")
to your NAMESPACE file.
Flavors: r-devel-linux-x86_64-debian-clang, r-devel-linux-x86_64-debian-gcc, r-devel-linux-x86_64-fedora-clang, r-devel-linux-x86_64-fedora-gcc, r-patched-linux-x86_64, r-release-linux-x86_64, r-release-macos-arm64, r-release-macos-x86_64, r-release-windows-x86_64, r-oldrel-macos-arm64, r-oldrel-macos-x86_64, r-oldrel-windows-ix86+x86_64
Version: 0.1.0
Check: LazyData
Result: NOTE
'LazyData' is specified without a 'data' directory
Flavors: r-devel-linux-x86_64-debian-clang, r-devel-linux-x86_64-debian-gcc, r-devel-linux-x86_64-fedora-clang, r-devel-linux-x86_64-fedora-gcc, r-patched-linux-x86_64, r-release-linux-x86_64, r-release-macos-arm64, r-release-macos-x86_64, r-release-windows-x86_64, r-oldrel-macos-arm64, r-oldrel-macos-x86_64, r-oldrel-windows-ix86+x86_64