Last updated on 2022-04-24 03:52:33 CEST.
Flavor | Version | Tinstall | Tcheck | Ttotal | Status | Flags |
---|---|---|---|---|---|---|
r-devel-linux-x86_64-debian-clang | 0.0.8 | 6.84 | 77.09 | 83.93 | NOTE | |
r-devel-linux-x86_64-debian-gcc | 0.0.8 | 6.41 | 58.32 | 64.73 | NOTE | |
r-devel-linux-x86_64-fedora-clang | 0.0.8 | 110.50 | NOTE | |||
r-devel-linux-x86_64-fedora-gcc | 0.0.8 | 100.23 | NOTE | |||
r-patched-linux-x86_64 | 0.0.8 | 7.71 | 75.65 | 83.36 | NOTE | |
r-release-linux-x86_64 | 0.0.8 | 6.17 | 71.86 | 78.03 | NOTE | |
r-release-macos-arm64 | 0.0.8 | NOTE | ||||
r-release-macos-x86_64 | 0.0.8 | NOTE | ||||
r-release-windows-x86_64 | 0.0.8 | 20.00 | 95.00 | 115.00 | NOTE | |
r-oldrel-macos-arm64 | 0.0.8 | NOTE | ||||
r-oldrel-macos-x86_64 | 0.0.8 | NOTE | ||||
r-oldrel-windows-ix86+x86_64 | 0.0.8 | 16.00 | 88.00 | 104.00 | NOTE |
Version: 0.0.8
Check: package dependencies
Result: NOTE
Package which this enhances but not available for checking: 'CorShrink'
Flavors: r-devel-linux-x86_64-debian-clang, r-devel-linux-x86_64-debian-gcc, r-devel-linux-x86_64-fedora-clang, r-devel-linux-x86_64-fedora-gcc, r-patched-linux-x86_64, r-release-linux-x86_64, r-release-macos-x86_64, r-release-windows-x86_64, r-oldrel-macos-x86_64, r-oldrel-windows-ix86+x86_64
Version: 0.0.8
Check: package dependencies
Result: NOTE
Packages which this enhances but not available for checking:
'CorShrink', 'edgeR'
Flavors: r-release-macos-arm64, r-oldrel-macos-arm64