Last updated on 2022-04-24 03:52:33 CEST.
Flavor | Version | Tinstall | Tcheck | Ttotal | Status | Flags |
---|---|---|---|---|---|---|
r-devel-linux-x86_64-debian-clang | 0.5.2 | 7.37 | 68.20 | 75.57 | OK | |
r-devel-linux-x86_64-debian-gcc | 0.5.2 | 4.22 | 50.47 | 54.69 | OK | |
r-devel-linux-x86_64-fedora-clang | 0.5.2 | 88.29 | NOTE | |||
r-devel-linux-x86_64-fedora-gcc | 0.5.2 | 76.94 | NOTE | |||
r-patched-linux-x86_64 | 0.5.2 | 9.26 | 66.29 | 75.55 | OK | |
r-release-linux-x86_64 | 0.5.2 | 6.27 | 64.85 | 71.12 | OK | |
r-release-macos-arm64 | 0.5.2 | NOTE | ||||
r-release-macos-x86_64 | 0.5.2 | NOTE | ||||
r-release-windows-x86_64 | 0.5.2 | 33.00 | 85.00 | 118.00 | OK | |
r-oldrel-macos-arm64 | 0.5.2 | NOTE | ||||
r-oldrel-macos-x86_64 | 0.5.2 | NOTE | ||||
r-oldrel-windows-ix86+x86_64 | 0.5.2 | 10.00 | 81.00 | 91.00 | OK |
Version: 0.5.2
Check: dependencies in R code
Result: NOTE
Namespace in Imports field not imported from: ‘iterators’
All declared Imports should be used.
Flavors: r-devel-linux-x86_64-fedora-clang, r-devel-linux-x86_64-fedora-gcc, r-release-macos-arm64, r-release-macos-x86_64, r-oldrel-macos-arm64, r-oldrel-macos-x86_64