Last updated on 2022-04-24 03:52:33 CEST.
Flavor | Version | Tinstall | Tcheck | Ttotal | Status | Flags |
---|---|---|---|---|---|---|
r-devel-linux-x86_64-debian-clang | 0.7.0 | 32.38 | 268.82 | 301.20 | NOTE | |
r-devel-linux-x86_64-debian-gcc | 0.7.0 | 23.20 | 195.96 | 219.16 | NOTE | |
r-devel-linux-x86_64-fedora-clang | 0.7.0 | 345.76 | NOTE | |||
r-devel-linux-x86_64-fedora-gcc | 0.7.0 | 335.39 | NOTE | |||
r-patched-linux-x86_64 | 0.7.0 | 32.24 | 255.97 | 288.21 | NOTE | |
r-release-linux-x86_64 | 0.7.0 | 27.44 | 235.11 | 262.55 | NOTE | |
r-release-macos-arm64 | 0.7.0 | NOTE | ||||
r-release-macos-x86_64 | 0.7.0 | NOTE | ||||
r-release-windows-x86_64 | 0.7.0 | 59.00 | 262.00 | 321.00 | NOTE | |
r-oldrel-macos-arm64 | 0.7.0 | NOTE | ||||
r-oldrel-macos-x86_64 | 0.7.0 | NOTE | ||||
r-oldrel-windows-ix86+x86_64 | 0.7.0 | 60.00 | 259.00 | 319.00 | NOTE |
Version: 0.7.0
Check: LazyData
Result: NOTE
'LazyData' is specified without a 'data' directory
Flavors: r-devel-linux-x86_64-debian-clang, r-devel-linux-x86_64-debian-gcc, r-devel-linux-x86_64-fedora-clang, r-devel-linux-x86_64-fedora-gcc, r-patched-linux-x86_64, r-release-linux-x86_64, r-release-macos-arm64, r-release-macos-x86_64, r-release-windows-x86_64, r-oldrel-macos-arm64, r-oldrel-macos-x86_64, r-oldrel-windows-ix86+x86_64