Last updated on 2022-04-24 03:52:33 CEST.
Flavor | Version | Tinstall | Tcheck | Ttotal | Status | Flags |
---|---|---|---|---|---|---|
r-devel-linux-x86_64-debian-clang | 1.0.0 | 4.19 | 113.58 | 117.77 | OK | |
r-devel-linux-x86_64-debian-gcc | 1.0.0 | 3.28 | 80.68 | 83.96 | OK | |
r-devel-linux-x86_64-fedora-clang | 1.0.0 | 137.91 | OK | |||
r-devel-linux-x86_64-fedora-gcc | 1.0.0 | 120.67 | OK | |||
r-patched-linux-x86_64 | 1.0.0 | 4.60 | 106.88 | 111.48 | OK | |
r-release-linux-x86_64 | 1.0.0 | 3.41 | 102.57 | 105.98 | OK | |
r-release-macos-arm64 | 1.0.0 | OK | ||||
r-release-macos-x86_64 | 1.0.0 | OK | ||||
r-release-windows-x86_64 | 1.0.0 | 38.00 | 133.00 | 171.00 | OK | |
r-oldrel-macos-arm64 | 1.0.0 | OK | ||||
r-oldrel-macos-x86_64 | 1.0.0 | OK | ||||
r-oldrel-windows-ix86+x86_64 | 1.0.0 | 9.00 | 109.00 | 118.00 | WARN |
Version: 1.0.0
Check: re-building of vignette outputs
Result: WARN
Error(s) in re-building vignettes:
--- re-building 'overview.Rmd' using rmarkdown
Error: processing vignette 'overview.Rmd' failed with diagnostics:
only `math_method = 'mathjax'` is supported with earlier version than Pandoc 2.0
--- failed re-building 'overview.Rmd'
SUMMARY: processing the following file failed:
'overview.Rmd'
Error: Vignette re-building failed.
Execution halted
Flavor: r-oldrel-windows-ix86+x86_64