Last updated on 2022-04-24 03:52:33 CEST.
Flavor | Version | Tinstall | Tcheck | Ttotal | Status | Flags |
---|---|---|---|---|---|---|
r-devel-linux-x86_64-debian-clang | 2.1.2 | 13.52 | 552.23 | 565.75 | OK | |
r-devel-linux-x86_64-debian-gcc | 2.1.2 | 11.93 | 428.27 | 440.20 | OK | |
r-devel-linux-x86_64-fedora-clang | 2.1.2 | 685.48 | NOTE | |||
r-devel-linux-x86_64-fedora-gcc | 2.1.2 | 682.89 | OK | |||
r-patched-linux-x86_64 | 2.1.2 | 19.22 | 540.23 | 559.45 | OK | |
r-release-linux-x86_64 | 2.1.2 | 11.84 | 531.17 | 543.01 | OK | |
r-release-macos-arm64 | 2.1.2 | OK | ||||
r-release-macos-x86_64 | 2.1.2 | OK | ||||
r-release-windows-x86_64 | 2.1.2 | 31.00 | 473.00 | 504.00 | OK | |
r-oldrel-macos-arm64 | 2.1.2 | OK | ||||
r-oldrel-macos-x86_64 | 2.1.2 | OK | ||||
r-oldrel-windows-ix86+x86_64 | 2.1.2 | 29.00 | 501.00 | 530.00 | OK |
Version: 2.1.2
Check: Rd cross-references
Result: NOTE
Undeclared package ‘trend’ in Rd xrefs
Flavor: r-devel-linux-x86_64-fedora-clang