Last updated on 2022-04-24 03:52:33 CEST.
Flavor | Version | Tinstall | Tcheck | Ttotal | Status | Flags |
---|---|---|---|---|---|---|
r-devel-linux-x86_64-debian-clang | 0.0.3 | 9.75 | 96.17 | 105.92 | OK | |
r-devel-linux-x86_64-debian-gcc | 0.0.3 | 7.00 | 70.37 | 77.37 | OK | |
r-devel-linux-x86_64-fedora-clang | 0.0.3 | 122.62 | NOTE | |||
r-devel-linux-x86_64-fedora-gcc | 0.0.3 | 108.15 | NOTE | |||
r-patched-linux-x86_64 | 0.0.3 | 9.96 | 91.94 | 101.90 | OK | |
r-release-linux-x86_64 | 0.0.3 | 5.77 | 85.02 | 90.79 | OK | |
r-release-macos-arm64 | 0.0.3 | NOTE | ||||
r-release-macos-x86_64 | 0.0.3 | NOTE | ||||
r-release-windows-x86_64 | 0.0.3 | 27.00 | 118.00 | 145.00 | OK | |
r-oldrel-macos-arm64 | 0.0.3 | NOTE | ||||
r-oldrel-macos-x86_64 | 0.0.3 | NOTE | ||||
r-oldrel-windows-ix86+x86_64 | 0.0.3 | 21.00 | 108.00 | 129.00 | OK |
Version: 0.0.3
Check: dependencies in R code
Result: NOTE
Namespaces in Imports field not imported from:
‘DT’ ‘dbplyr’ ‘downloadthis’ ‘ggExtra’ ‘htmlwidgets’ ‘methods’
‘rmarkdown’ ‘scales’
All declared Imports should be used.
Flavors: r-devel-linux-x86_64-fedora-clang, r-devel-linux-x86_64-fedora-gcc, r-release-macos-arm64, r-release-macos-x86_64, r-oldrel-macos-arm64, r-oldrel-macos-x86_64