Last updated on 2022-04-24 03:52:33 CEST.
Flavor | Version | Tinstall | Tcheck | Ttotal | Status | Flags |
---|---|---|---|---|---|---|
r-devel-linux-x86_64-debian-clang | 0.3.2 | 7.44 | 84.47 | 91.91 | OK | |
r-devel-linux-x86_64-debian-gcc | 0.3.2 | 7.13 | 61.87 | 69.00 | OK | |
r-devel-linux-x86_64-fedora-clang | 0.3.2 | 109.49 | NOTE | |||
r-devel-linux-x86_64-fedora-gcc | 0.3.2 | 102.06 | NOTE | |||
r-patched-linux-x86_64 | 0.3.2 | 8.72 | 80.00 | 88.72 | OK | |
r-release-linux-x86_64 | 0.3.2 | 7.88 | 75.69 | 83.57 | OK | |
r-release-macos-arm64 | 0.3.2 | NOTE | ||||
r-release-macos-x86_64 | 0.3.2 | NOTE | ||||
r-release-windows-x86_64 | 0.3.2 | 16.00 | 93.00 | 109.00 | OK | |
r-oldrel-macos-arm64 | 0.3.2 | NOTE | ||||
r-oldrel-macos-x86_64 | 0.3.2 | NOTE | ||||
r-oldrel-windows-ix86+x86_64 | 0.3.2 | 19.00 | 89.00 | 108.00 | OK |
Version: 0.3.2
Check: data for non-ASCII characters
Result: NOTE
Note: found 34 marked UTF-8 strings
Flavors: r-devel-linux-x86_64-fedora-clang, r-devel-linux-x86_64-fedora-gcc, r-release-macos-arm64, r-release-macos-x86_64, r-oldrel-macos-arm64, r-oldrel-macos-x86_64