Last updated on 2022-04-24 03:52:33 CEST.
Flavor | Version | Tinstall | Tcheck | Ttotal | Status | Flags |
---|---|---|---|---|---|---|
r-devel-linux-x86_64-debian-clang | 0.5.8 | 16.75 | 204.02 | 220.77 | OK | |
r-devel-linux-x86_64-debian-gcc | 0.5.8 | 15.46 | 148.73 | 164.19 | OK | |
r-devel-linux-x86_64-fedora-clang | 0.5.8 | 268.04 | OK | |||
r-devel-linux-x86_64-fedora-gcc | 0.5.8 | 263.67 | OK | |||
r-patched-linux-x86_64 | 0.5.8 | 17.80 | 192.59 | 210.39 | OK | |
r-release-linux-x86_64 | 0.5.8 | 14.02 | 179.46 | 193.48 | OK | |
r-release-macos-arm64 | 0.5.8 | OK | ||||
r-release-macos-x86_64 | 0.5.8 | WARN | --as-cran | |||
r-release-windows-x86_64 | 0.5.8 | 101.00 | 215.00 | 316.00 | OK | |
r-oldrel-macos-arm64 | 0.5.8 | OK | ||||
r-oldrel-macos-x86_64 | 0.5.8 | WARN | --as-cran | |||
r-oldrel-windows-ix86+x86_64 | 0.5.8 | 37.00 | 215.00 | 252.00 | OK |
Version: 0.5.8
Flags: --as-cran
Check: CRAN incoming feasibility
Result: WARN
Maintainer: ‘Andreas Bender <andreas.bender@stat.uni-muenchen.de>’
Insufficient package version (submitted: 0.5.8, existing: 0.5.8)
Days since last update: 0
Flavors: r-release-macos-x86_64, r-oldrel-macos-x86_64
Version: 0.5.8
Flags: --as-cran
Check: top-level files
Result: NOTE
Files ‘README.md’ or ‘NEWS.md’ cannot be checked without ‘pandoc’ being installed.
Flavors: r-release-macos-x86_64, r-oldrel-macos-x86_64