Last updated on 2022-04-24 03:52:33 CEST.
Flavor | Version | Tinstall | Tcheck | Ttotal | Status | Flags |
---|---|---|---|---|---|---|
r-devel-linux-x86_64-debian-clang | 0.1-4 | 2.63 | 45.44 | 48.07 | NOTE | |
r-devel-linux-x86_64-debian-gcc | 0.1-4 | 2.37 | 34.59 | 36.96 | NOTE | |
r-devel-linux-x86_64-fedora-clang | 0.1-4 | 61.68 | NOTE | |||
r-devel-linux-x86_64-fedora-gcc | 0.1-4 | 52.03 | NOTE | |||
r-patched-linux-x86_64 | 0.1-4 | 3.02 | 44.75 | 47.77 | OK | |
r-release-linux-x86_64 | 0.1-4 | 2.58 | 41.87 | 44.45 | OK | |
r-release-macos-arm64 | 0.1-4 | OK | ||||
r-release-macos-x86_64 | 0.1-4 | OK | ||||
r-release-windows-x86_64 | 0.1-4 | 124.00 | 106.00 | 230.00 | OK | |
r-oldrel-macos-arm64 | 0.1-4 | OK | ||||
r-oldrel-macos-x86_64 | 0.1-4 | OK | ||||
r-oldrel-windows-ix86+x86_64 | 0.1-4 | 9.00 | 90.00 | 99.00 | OK |
Version: 0.1-4
Check: Rd files
Result: NOTE
checkRd: (7) file 'document.Rd': \item in \describe must have non-empty label
Flavors: r-devel-linux-x86_64-debian-clang, r-devel-linux-x86_64-debian-gcc, r-devel-linux-x86_64-fedora-clang, r-devel-linux-x86_64-fedora-gcc