Last updated on 2022-04-24 03:52:33 CEST.
Flavor | Version | Tinstall | Tcheck | Ttotal | Status | Flags |
---|---|---|---|---|---|---|
r-devel-linux-x86_64-debian-clang | 1.2.13 | 16.42 | 180.65 | 197.07 | NOTE | |
r-devel-linux-x86_64-debian-gcc | 1.2.13 | 12.39 | 136.70 | 149.09 | NOTE | |
r-devel-linux-x86_64-fedora-clang | 1.2.13 | 232.02 | NOTE | |||
r-devel-linux-x86_64-fedora-gcc | 1.2.13 | 232.27 | NOTE | |||
r-patched-linux-x86_64 | 1.2.13 | 16.25 | 173.26 | 189.51 | NOTE | |
r-release-linux-x86_64 | 1.2.13 | 12.85 | 158.49 | 171.34 | NOTE | |
r-release-macos-arm64 | 1.2.13 | NOTE | ||||
r-release-macos-x86_64 | 1.2.13 | NOTE | ||||
r-release-windows-x86_64 | 1.2.13 | 26.00 | 191.00 | 217.00 | NOTE | |
r-oldrel-macos-arm64 | 1.2.13 | NOTE | ||||
r-oldrel-macos-x86_64 | 1.2.13 | NOTE | ||||
r-oldrel-windows-ix86+x86_64 | 1.2.13 | 36.00 | 188.00 | 224.00 | NOTE |
Version: 1.2.13
Check: LazyData
Result: NOTE
'LazyData' is specified without a 'data' directory
Flavors: r-devel-linux-x86_64-debian-clang, r-devel-linux-x86_64-debian-gcc, r-devel-linux-x86_64-fedora-clang, r-devel-linux-x86_64-fedora-gcc, r-patched-linux-x86_64, r-release-linux-x86_64, r-release-macos-arm64, r-release-macos-x86_64, r-release-windows-x86_64, r-oldrel-macos-arm64, r-oldrel-macos-x86_64, r-oldrel-windows-ix86+x86_64