Last updated on 2022-04-24 03:52:33 CEST.
Flavor | Version | Tinstall | Tcheck | Ttotal | Status | Flags |
---|---|---|---|---|---|---|
r-devel-linux-x86_64-debian-clang | 0.7.6 | 17.65 | 453.64 | 471.29 | OK | |
r-devel-linux-x86_64-debian-gcc | 0.7.6 | 14.30 | 329.10 | 343.40 | OK | |
r-devel-linux-x86_64-fedora-clang | 0.7.6 | 554.07 | NOTE | |||
r-devel-linux-x86_64-fedora-gcc | 0.7.6 | 556.78 | OK | |||
r-patched-linux-x86_64 | 0.7.6 | 19.34 | 422.56 | 441.90 | OK | |
r-release-linux-x86_64 | 0.7.6 | 16.86 | 412.52 | 429.38 | OK | |
r-release-macos-arm64 | 0.7.6 | OK | ||||
r-release-macos-x86_64 | 0.7.6 | OK | ||||
r-release-windows-x86_64 | 0.7.6 | 47.00 | 472.00 | 519.00 | OK | |
r-oldrel-macos-arm64 | 0.7.6 | OK | ||||
r-oldrel-macos-x86_64 | 0.7.6 | OK | ||||
r-oldrel-windows-ix86+x86_64 | 0.7.6 | 38.00 | 495.00 | 533.00 | OK |
Version: 0.7.6
Check: Rd cross-references
Result: NOTE
Undeclared package ‘AER’ in Rd xrefs
Flavor: r-devel-linux-x86_64-fedora-clang