Last updated on 2022-04-24 03:52:33 CEST.
Flavor | Version | Tinstall | Tcheck | Ttotal | Status | Flags |
---|---|---|---|---|---|---|
r-devel-linux-x86_64-debian-clang | 0.5.3 | 16.67 | 137.24 | 153.91 | OK | |
r-devel-linux-x86_64-debian-gcc | 0.5.3 | 11.92 | 99.48 | 111.40 | OK | |
r-devel-linux-x86_64-fedora-clang | 0.5.3 | 180.21 | NOTE | |||
r-devel-linux-x86_64-fedora-gcc | 0.5.3 | 165.80 | NOTE | |||
r-patched-linux-x86_64 | 0.5.3 | 14.25 | 128.89 | 143.14 | OK | |
r-release-linux-x86_64 | 0.5.3 | 14.13 | 120.56 | 134.69 | OK | |
r-release-macos-arm64 | 0.5.3 | NOTE | ||||
r-release-macos-x86_64 | 0.5.3 | NOTE | ||||
r-release-windows-x86_64 | 0.5.3 | 42.00 | 141.00 | 183.00 | OK | |
r-oldrel-macos-arm64 | 0.5.3 | NOTE | ||||
r-oldrel-macos-x86_64 | 0.5.3 | NOTE | ||||
r-oldrel-windows-ix86+x86_64 | 0.5.3 | 32.00 | 138.00 | 170.00 | OK |
Version: 0.5.3
Check: dependencies in R code
Result: NOTE
Namespace in Imports field not imported from: ‘methods’
All declared Imports should be used.
Flavors: r-devel-linux-x86_64-fedora-clang, r-devel-linux-x86_64-fedora-gcc, r-release-macos-arm64, r-release-macos-x86_64, r-oldrel-macos-arm64, r-oldrel-macos-x86_64