Last updated on 2022-04-24 03:52:33 CEST.
Flavor | Version | Tinstall | Tcheck | Ttotal | Status | Flags |
---|---|---|---|---|---|---|
r-devel-linux-x86_64-debian-clang | 0.1.0 | 19.24 | 150.97 | 170.21 | OK | |
r-devel-linux-x86_64-debian-gcc | 0.1.0 | 14.03 | 111.26 | 125.29 | OK | |
r-devel-linux-x86_64-fedora-clang | 0.1.0 | 199.57 | NOTE | |||
r-devel-linux-x86_64-fedora-gcc | 0.1.0 | 183.92 | NOTE | |||
r-patched-linux-x86_64 | 0.1.0 | 20.89 | 143.05 | 163.94 | OK | |
r-release-linux-x86_64 | 0.1.0 | 10.15 | 131.81 | 141.96 | OK | |
r-release-macos-arm64 | 0.1.0 | NOTE | ||||
r-release-macos-x86_64 | 0.1.0 | NOTE | ||||
r-release-windows-x86_64 | 0.1.0 | 21.00 | 148.00 | 169.00 | OK | |
r-oldrel-macos-arm64 | 0.1.0 | NOTE | ||||
r-oldrel-macos-x86_64 | 0.1.0 | NOTE | ||||
r-oldrel-windows-ix86+x86_64 | 0.1.0 | 41.00 | 153.00 | 194.00 | OK |
Version: 0.1.0
Check: dependencies in R code
Result: NOTE
Namespace in Imports field not imported from: ‘DT’
All declared Imports should be used.
Flavors: r-devel-linux-x86_64-fedora-clang, r-devel-linux-x86_64-fedora-gcc, r-release-macos-arm64, r-release-macos-x86_64, r-oldrel-macos-arm64, r-oldrel-macos-x86_64