Last updated on 2022-04-24 03:52:33 CEST.
Flavor | Version | Tinstall | Tcheck | Ttotal | Status | Flags |
---|---|---|---|---|---|---|
r-devel-linux-x86_64-debian-clang | 0.1.4 | 4.75 | 62.89 | 67.64 | OK | |
r-devel-linux-x86_64-debian-gcc | 0.1.4 | 3.38 | 45.84 | 49.22 | OK | |
r-devel-linux-x86_64-fedora-clang | 0.1.4 | 79.90 | NOTE | |||
r-devel-linux-x86_64-fedora-gcc | 0.1.4 | 65.91 | NOTE | |||
r-patched-linux-x86_64 | 0.1.4 | 3.47 | 58.89 | 62.36 | OK | |
r-release-linux-x86_64 | 0.1.4 | 2.83 | 55.06 | 57.89 | OK | |
r-release-macos-arm64 | 0.1.4 | NOTE | ||||
r-release-macos-x86_64 | 0.1.4 | NOTE | ||||
r-release-windows-x86_64 | 0.1.4 | 8.00 | 73.00 | 81.00 | OK | |
r-oldrel-macos-arm64 | 0.1.4 | NOTE | ||||
r-oldrel-macos-x86_64 | 0.1.4 | NOTE | ||||
r-oldrel-windows-ix86+x86_64 | 0.1.4 | 12.00 | 70.00 | 82.00 | OK |
Version: 0.1.4
Check: dependencies in R code
Result: NOTE
Namespace in Imports field not imported from: ‘parallel’
All declared Imports should be used.
Flavors: r-devel-linux-x86_64-fedora-clang, r-devel-linux-x86_64-fedora-gcc, r-release-macos-arm64, r-release-macos-x86_64, r-oldrel-macos-arm64, r-oldrel-macos-x86_64