Last updated on 2022-04-24 03:52:33 CEST.
Flavor | Version | Tinstall | Tcheck | Ttotal | Status | Flags |
---|---|---|---|---|---|---|
r-devel-linux-x86_64-debian-clang | 0.2.6 | 72.37 | 142.54 | 214.91 | OK | |
r-devel-linux-x86_64-debian-gcc | 0.2.6 | 58.64 | 100.04 | 158.68 | OK | |
r-devel-linux-x86_64-fedora-clang | 0.2.6 | 283.63 | OK | |||
r-devel-linux-x86_64-fedora-gcc | 0.2.6 | 248.28 | OK | |||
r-patched-linux-x86_64 | 0.2.6 | 56.51 | 129.22 | 185.73 | OK | |
r-release-linux-x86_64 | 0.2.6 | 59.84 | 123.21 | 183.05 | OK | |
r-release-macos-arm64 | 0.2.6 | NOTE | ||||
r-release-macos-x86_64 | 0.2.6 | OK | ||||
r-release-windows-x86_64 | 0.2.6 | 71.00 | 198.00 | 269.00 | OK | |
r-oldrel-macos-arm64 | 0.2.6 | NOTE | ||||
r-oldrel-macos-x86_64 | 0.2.6 | OK | ||||
r-oldrel-windows-ix86+x86_64 | 0.2.6 | 169.00 | 281.00 | 450.00 | OK |
Version: 0.2.6
Check: installed package size
Result: NOTE
installed size is 5.4Mb
sub-directories of 1Mb or more:
libs 5.1Mb
Flavors: r-release-macos-arm64, r-oldrel-macos-arm64