Last updated on 2022-04-24 03:52:33 CEST.
Flavor | Version | Tinstall | Tcheck | Ttotal | Status | Flags |
---|---|---|---|---|---|---|
r-devel-linux-x86_64-debian-clang | 1.5.1 | 4.20 | 69.65 | 73.85 | OK | |
r-devel-linux-x86_64-debian-gcc | 1.5.1 | 2.16 | 54.26 | 56.42 | OK | |
r-devel-linux-x86_64-fedora-clang | 1.5.1 | 90.63 | OK | |||
r-devel-linux-x86_64-fedora-gcc | 1.5.1 | 75.62 | OK | |||
r-patched-linux-x86_64 | 1.5.1 | 3.18 | 67.34 | 70.52 | OK | |
r-release-linux-x86_64 | 1.5.1 | 2.42 | 64.99 | 67.41 | OK | |
r-release-macos-arm64 | 1.5.1 | NOTE | ||||
r-release-macos-x86_64 | 1.5.1 | NOTE | ||||
r-release-windows-x86_64 | 1.5.1 | 29.00 | 101.00 | 130.00 | OK | |
r-oldrel-macos-arm64 | 1.5.1 | NOTE | ||||
r-oldrel-macos-x86_64 | 1.5.1 | NOTE | ||||
r-oldrel-windows-ix86+x86_64 | 1.5.1 | 8.00 | 88.00 | 96.00 | OK |
Version: 1.5.1
Check: package dependencies
Result: NOTE
Package suggested but not available for checking: ‘Rmpi’
Flavors: r-release-macos-arm64, r-release-macos-x86_64, r-oldrel-macos-arm64, r-oldrel-macos-x86_64