Last updated on 2022-04-24 03:52:33 CEST.
Flavor | Version | Tinstall | Tcheck | Ttotal | Status | Flags |
---|---|---|---|---|---|---|
r-devel-linux-x86_64-debian-clang | 1.0.0 | 3.17 | 45.32 | 48.49 | NOTE | |
r-devel-linux-x86_64-debian-gcc | 1.0.0 | 2.36 | 34.27 | 36.63 | NOTE | |
r-devel-linux-x86_64-fedora-clang | 1.0.0 | 56.83 | NOTE | |||
r-devel-linux-x86_64-fedora-gcc | 1.0.0 | 45.90 | NOTE | |||
r-patched-linux-x86_64 | 1.0.0 | 2.14 | 43.48 | 45.62 | NOTE | |
r-release-linux-x86_64 | 1.0.0 | 2.09 | 41.35 | 43.44 | NOTE | |
r-release-macos-arm64 | 1.0.0 | NOTE | ||||
r-release-macos-x86_64 | 1.0.0 | WARN | ||||
r-release-windows-x86_64 | 1.0.0 | 23.00 | 67.00 | 90.00 | NOTE | |
r-oldrel-macos-arm64 | 1.0.0 | NOTE | ||||
r-oldrel-macos-x86_64 | 1.0.0 | WARN | ||||
r-oldrel-windows-ix86+x86_64 | 1.0.0 | 7.00 | 58.00 | 65.00 | NOTE |
Version: 1.0.0
Check: LazyData
Result: NOTE
'LazyData' is specified without a 'data' directory
Flavors: r-devel-linux-x86_64-debian-clang, r-devel-linux-x86_64-debian-gcc, r-devel-linux-x86_64-fedora-clang, r-devel-linux-x86_64-fedora-gcc, r-patched-linux-x86_64, r-release-linux-x86_64, r-release-macos-arm64, r-release-macos-x86_64, r-release-windows-x86_64, r-oldrel-macos-arm64, r-oldrel-macos-x86_64, r-oldrel-windows-ix86+x86_64
Version: 1.0.0
Check: package vignettes
Result: NOTE
Package vignette with placeholder title 'Vignette Title':
'introduction-to-parcoords-.Rmd'
Flavors: r-devel-linux-x86_64-debian-clang, r-devel-linux-x86_64-debian-gcc, r-patched-linux-x86_64, r-release-linux-x86_64, r-release-windows-x86_64, r-oldrel-windows-ix86+x86_64
Version: 1.0.0
Check: re-building of vignette outputs
Result: WARN
Error(s) in re-building vignettes:
...
--- re-building ‘introduction-to-parcoords-.Rmd’ using rmarkdown
Warning in engine$weave(file, quiet = quiet, encoding = enc) :
Pandoc (>= 1.12.3) not available. Falling back to R Markdown v1.
Quitting from lines 27-30 (introduction-to-parcoords-.Rmd)
Error: processing vignette 'introduction-to-parcoords-.Rmd' failed with diagnostics:
invalid 'path' argument
--- failed re-building ‘introduction-to-parcoords-.Rmd’
SUMMARY: processing the following file failed:
‘introduction-to-parcoords-.Rmd’
Error: Vignette re-building failed.
Execution halted
Flavors: r-release-macos-x86_64, r-oldrel-macos-x86_64