Last updated on 2022-04-24 03:52:33 CEST.
Flavor | Version | Tinstall | Tcheck | Ttotal | Status | Flags |
---|---|---|---|---|---|---|
r-devel-linux-x86_64-debian-clang | 0.1.7 | 97.55 | 90.92 | 188.47 | OK | |
r-devel-linux-x86_64-debian-gcc | 0.1.7 | 74.84 | 68.73 | 143.57 | OK | |
r-devel-linux-x86_64-fedora-clang | 0.1.7 | 250.80 | OK | |||
r-devel-linux-x86_64-fedora-gcc | 0.1.7 | 227.82 | OK | |||
r-patched-linux-x86_64 | 0.1.7 | 91.06 | 88.44 | 179.50 | OK | |
r-release-linux-x86_64 | 0.1.7 | 76.13 | 81.43 | 157.56 | OK | |
r-release-macos-arm64 | 0.1.7 | NOTE | ||||
r-release-macos-x86_64 | 0.1.7 | OK | ||||
r-release-windows-x86_64 | 0.1.7 | 80.00 | 128.00 | 208.00 | OK | |
r-oldrel-macos-arm64 | 0.1.7 | NOTE | ||||
r-oldrel-macos-x86_64 | 0.1.7 | OK | ||||
r-oldrel-windows-ix86+x86_64 | 0.1.7 | 219.00 | 156.00 | 375.00 | OK |
Version: 0.1.7
Check: installed package size
Result: NOTE
installed size is 5.5Mb
sub-directories of 1Mb or more:
libs 4.7Mb
Flavors: r-release-macos-arm64, r-oldrel-macos-arm64