Last updated on 2022-04-24 03:52:33 CEST.
Flavor | Version | Tinstall | Tcheck | Ttotal | Status | Flags |
---|---|---|---|---|---|---|
r-devel-linux-x86_64-debian-clang | 1.5-3 | 18.77 | 97.53 | 116.30 | OK | |
r-devel-linux-x86_64-debian-gcc | 1.5-3 | 15.75 | 73.17 | 88.92 | OK | |
r-devel-linux-x86_64-fedora-clang | 1.5-3 | 142.47 | NOTE | |||
r-devel-linux-x86_64-fedora-gcc | 1.5-3 | 132.88 | NOTE | |||
r-patched-linux-x86_64 | 1.5-3 | 17.19 | 94.53 | 111.72 | OK | |
r-release-linux-x86_64 | 1.5-3 | 11.75 | 92.49 | 104.24 | OK | |
r-release-macos-arm64 | 1.5-3 | NOTE | ||||
r-release-macos-x86_64 | 1.5-3 | OK | ||||
r-release-windows-x86_64 | 1.5-3 | 46.00 | 132.00 | 178.00 | OK | |
r-oldrel-macos-arm64 | 1.5-3 | NOTE | ||||
r-oldrel-macos-x86_64 | 1.5-3 | OK | ||||
r-oldrel-windows-ix86+x86_64 | 1.5-3 | 34.00 | 114.00 | 148.00 | OK |
Version: 1.5-3
Check: compiled code
Result: NOTE
File ‘parma/libs/parma.so’:
Found no calls to: ‘R_registerRoutines’, ‘R_useDynamicSymbols’
It is good practice to register native routines and to disable symbol
search.
See ‘Writing portable packages’ in the ‘Writing R Extensions’ manual.
Flavors: r-devel-linux-x86_64-fedora-clang, r-devel-linux-x86_64-fedora-gcc
Version: 1.5-3
Check: package dependencies
Result: NOTE
Package suggested but not available for checking: ‘Rsymphony’
Flavors: r-release-macos-arm64, r-oldrel-macos-arm64