Last updated on 2022-04-24 03:52:33 CEST.
Flavor | Version | Tinstall | Tcheck | Ttotal | Status | Flags |
---|---|---|---|---|---|---|
r-devel-linux-x86_64-debian-clang | 0.2.1 | 239.74 | 44.80 | 284.54 | OK | |
r-devel-linux-x86_64-debian-gcc | 0.2.1 | 188.86 | 33.91 | 222.77 | OK | |
r-devel-linux-x86_64-fedora-clang | 0.2.1 | 427.95 | NOTE | |||
r-devel-linux-x86_64-fedora-gcc | 0.2.1 | 368.85 | OK | |||
r-patched-linux-x86_64 | 0.2.1 | 211.01 | 43.20 | 254.21 | OK | |
r-release-linux-x86_64 | 0.2.1 | 208.33 | 41.09 | 249.42 | OK | |
r-release-macos-arm64 | 0.2.1 | NOTE | ||||
r-release-macos-x86_64 | 0.2.1 | NOTE | ||||
r-release-windows-x86_64 | 0.2.1 | 360.00 | 101.00 | 461.00 | OK | |
r-oldrel-macos-arm64 | 0.2.1 | NOTE | ||||
r-oldrel-macos-x86_64 | 0.2.1 | NOTE | ||||
r-oldrel-windows-ix86+x86_64 | 0.2.1 | 566.00 | 83.00 | 649.00 | NOTE |
Version: 0.2.1
Check: installed package size
Result: NOTE
installed size is 9.7Mb
sub-directories of 1Mb or more:
libs 5.8Mb
Flavors: r-devel-linux-x86_64-fedora-clang, r-release-macos-arm64, r-release-macos-x86_64, r-oldrel-macos-arm64, r-oldrel-macos-x86_64, r-oldrel-windows-ix86+x86_64