Last updated on 2022-04-24 03:52:33 CEST.
Flavor | Version | Tinstall | Tcheck | Ttotal | Status | Flags |
---|---|---|---|---|---|---|
r-devel-linux-x86_64-debian-clang | 0.1.2 | 50.04 | 75.32 | 125.36 | OK | |
r-devel-linux-x86_64-debian-gcc | 0.1.2 | 39.06 | 55.86 | 94.92 | OK | |
r-devel-linux-x86_64-fedora-clang | 0.1.2 | 176.82 | NOTE | |||
r-devel-linux-x86_64-fedora-gcc | 0.1.2 | 147.99 | OK | |||
r-patched-linux-x86_64 | 0.1.2 | 45.87 | 70.23 | 116.10 | OK | |
r-release-linux-x86_64 | 0.1.2 | 39.46 | 68.19 | 107.65 | OK | |
r-release-macos-arm64 | 0.1.2 | NOTE | ||||
r-release-macos-x86_64 | 0.1.2 | NOTE | ||||
r-release-windows-x86_64 | 0.1.2 | 142.00 | 115.00 | 257.00 | OK | |
r-oldrel-macos-arm64 | 0.1.2 | NOTE | ||||
r-oldrel-macos-x86_64 | 0.1.2 | NOTE | ||||
r-oldrel-windows-ix86+x86_64 | 0.1.2 | 109.00 | 125.00 | 234.00 | OK |
Version: 0.1.2
Check: installed package size
Result: NOTE
installed size is 5.9Mb
sub-directories of 1Mb or more:
libs 5.4Mb
Flavors: r-devel-linux-x86_64-fedora-clang, r-release-macos-arm64, r-release-macos-x86_64, r-oldrel-macos-arm64, r-oldrel-macos-x86_64