Last updated on 2022-04-24 03:52:33 CEST.
| Flavor | Version | Tinstall | Tcheck | Ttotal | Status | Flags | 
|---|---|---|---|---|---|---|
| r-devel-linux-x86_64-debian-clang | 0.1.4 | 105.63 | 353.75 | 459.38 | OK | |
| r-devel-linux-x86_64-debian-gcc | 0.1.4 | 86.42 | 252.55 | 338.97 | OK | |
| r-devel-linux-x86_64-fedora-clang | 0.1.4 | 568.41 | NOTE | |||
| r-devel-linux-x86_64-fedora-gcc | 0.1.4 | 550.61 | OK | |||
| r-patched-linux-x86_64 | 0.1.4 | 89.97 | 333.82 | 423.79 | OK | |
| r-release-linux-x86_64 | 0.1.4 | 98.33 | 334.35 | 432.68 | OK | |
| r-release-macos-arm64 | 0.1.4 | NOTE | ||||
| r-release-macos-x86_64 | 0.1.4 | NOTE | ||||
| r-release-windows-x86_64 | 0.1.4 | 146.00 | 409.00 | 555.00 | OK | |
| r-oldrel-macos-arm64 | 0.1.4 | NOTE | ||||
| r-oldrel-macos-x86_64 | 0.1.4 | NOTE | ||||
| r-oldrel-windows-ix86+x86_64 | 0.1.4 | 263.00 | 498.00 | 761.00 | NOTE | 
Version: 0.1.4
Check: installed package size
Result: NOTE
      installed size is  5.4Mb
      sub-directories of 1Mb or more:
        doc    1.2Mb
        libs   3.0Mb
Flavors: r-devel-linux-x86_64-fedora-clang, r-release-macos-arm64, r-release-macos-x86_64, r-oldrel-macos-arm64, r-oldrel-macos-x86_64, r-oldrel-windows-ix86+x86_64