Last updated on 2022-04-24 03:52:33 CEST.
Flavor | Version | Tinstall | Tcheck | Ttotal | Status | Flags |
---|---|---|---|---|---|---|
r-devel-linux-x86_64-debian-clang | 0.5 | 2.26 | 57.17 | 59.43 | NOTE | |
r-devel-linux-x86_64-debian-gcc | 0.5 | 1.66 | 41.63 | 43.29 | NOTE | |
r-devel-linux-x86_64-fedora-clang | 0.5 | 71.22 | NOTE | |||
r-devel-linux-x86_64-fedora-gcc | 0.5 | 59.49 | NOTE | |||
r-patched-linux-x86_64 | 0.5 | 1.94 | 55.52 | 57.46 | NOTE | |
r-release-linux-x86_64 | 0.5 | 1.69 | 54.00 | 55.69 | NOTE | |
r-release-macos-arm64 | 0.5 | NOTE | ||||
r-release-macos-x86_64 | 0.5 | NOTE | ||||
r-release-windows-x86_64 | 0.5 | 31.00 | 70.00 | 101.00 | NOTE | |
r-oldrel-macos-arm64 | 0.5 | NOTE | ||||
r-oldrel-macos-x86_64 | 0.5 | NOTE | ||||
r-oldrel-windows-ix86+x86_64 | 0.5 | 5.00 | 68.00 | 73.00 | NOTE |
Version: 0.5
Check: DESCRIPTION meta-information
Result: NOTE
Malformed Description field: should contain one or more complete sentences.
Flavors: r-devel-linux-x86_64-debian-clang, r-devel-linux-x86_64-debian-gcc, r-devel-linux-x86_64-fedora-clang, r-devel-linux-x86_64-fedora-gcc, r-patched-linux-x86_64, r-release-linux-x86_64, r-release-macos-arm64, r-release-macos-x86_64, r-release-windows-x86_64, r-oldrel-macos-arm64, r-oldrel-macos-x86_64, r-oldrel-windows-ix86+x86_64
Version: 0.5
Check: R code for possible problems
Result: NOTE
partitionMap: no visible global function definition for 'predict'
partitionMap: no visible global function definition for 'rnorm'
partitionMap: no visible binding for global variable 'sd'
partitionMap: no visible global function definition for 'sd'
partitionMap: no visible global function definition for 'quantile'
Undefined global functions or variables:
predict quantile rnorm sd
Consider adding
importFrom("stats", "predict", "quantile", "rnorm", "sd")
to your NAMESPACE file.
Flavors: r-devel-linux-x86_64-debian-clang, r-devel-linux-x86_64-debian-gcc, r-devel-linux-x86_64-fedora-clang, r-devel-linux-x86_64-fedora-gcc, r-patched-linux-x86_64, r-release-linux-x86_64, r-release-macos-arm64, r-release-macos-x86_64, r-release-windows-x86_64, r-oldrel-macos-arm64, r-oldrel-macos-x86_64, r-oldrel-windows-ix86+x86_64
Version: 0.5
Check: dependencies in R code
Result: NOTE
Namespace in Imports field not imported from: ‘stats’
All declared Imports should be used.
Flavors: r-devel-linux-x86_64-fedora-clang, r-devel-linux-x86_64-fedora-gcc, r-release-macos-arm64, r-release-macos-x86_64, r-oldrel-macos-arm64, r-oldrel-macos-x86_64