Last updated on 2022-04-24 03:52:33 CEST.
Flavor | Version | Tinstall | Tcheck | Ttotal | Status | Flags |
---|---|---|---|---|---|---|
r-devel-linux-x86_64-debian-clang | 1.1.6 | 14.37 | 134.44 | 148.81 | NOTE | |
r-devel-linux-x86_64-debian-gcc | 1.1.6 | 10.93 | 98.77 | 109.70 | NOTE | |
r-devel-linux-x86_64-fedora-clang | 1.1.6 | 183.75 | NOTE | |||
r-devel-linux-x86_64-fedora-gcc | 1.1.6 | 165.58 | NOTE | |||
r-patched-linux-x86_64 | 1.1.6 | 13.81 | 124.83 | 138.64 | NOTE | |
r-release-linux-x86_64 | 1.1.6 | 12.59 | 114.96 | 127.55 | NOTE | |
r-release-macos-arm64 | 1.1.6 | OK | ||||
r-release-macos-x86_64 | 1.1.6 | OK | ||||
r-release-windows-x86_64 | 1.1.6 | 27.00 | 166.00 | 193.00 | OK | |
r-oldrel-macos-arm64 | 1.1.6 | OK | ||||
r-oldrel-macos-x86_64 | 1.1.6 | OK | ||||
r-oldrel-windows-ix86+x86_64 | 1.1.6 | 29.00 | 153.00 | 182.00 | OK |
Version: 1.1.6
Check: for non-standard things in the check directory
Result: NOTE
Found the following files/directories:
'co2' 'co2.1' 'co2.2' 'co2s.1' 'co2s.2' 'ctm.1' 'ctm.2' 'm' 'm.1'
'm.2' 'test' 'test.1' 'test.2' 'testa.1' 'testa.2' 'xfile.1'
'xfile.2'
Flavors: r-devel-linux-x86_64-debian-clang, r-devel-linux-x86_64-debian-gcc, r-devel-linux-x86_64-fedora-clang, r-devel-linux-x86_64-fedora-gcc, r-patched-linux-x86_64, r-release-linux-x86_64