Last updated on 2022-04-24 03:52:33 CEST.
Flavor | Version | Tinstall | Tcheck | Ttotal | Status | Flags |
---|---|---|---|---|---|---|
r-devel-linux-x86_64-debian-clang | 1.1 | 2.42 | 32.63 | 35.05 | NOTE | |
r-devel-linux-x86_64-debian-gcc | 1.1 | 1.78 | 25.90 | 27.68 | NOTE | |
r-devel-linux-x86_64-fedora-clang | 1.1 | 42.98 | NOTE | |||
r-devel-linux-x86_64-fedora-gcc | 1.1 | 32.31 | NOTE | |||
r-patched-linux-x86_64 | 1.1 | 2.35 | 32.43 | 34.78 | NOTE | |
r-release-linux-x86_64 | 1.1 | 2.39 | 31.17 | 33.56 | NOTE | |
r-release-macos-arm64 | 1.1 | NOTE | ||||
r-release-macos-x86_64 | 1.1 | NOTE | ||||
r-release-windows-x86_64 | 1.1 | 10.00 | 48.00 | 58.00 | NOTE | |
r-oldrel-macos-arm64 | 1.1 | NOTE | ||||
r-oldrel-macos-x86_64 | 1.1 | NOTE | ||||
r-oldrel-windows-ix86+x86_64 | 1.1 | 5.00 | 40.00 | 45.00 | NOTE |
Version: 1.1
Check: DESCRIPTION meta-information
Result: NOTE
Malformed Description field: should contain one or more complete sentences.
Flavors: r-devel-linux-x86_64-debian-clang, r-devel-linux-x86_64-debian-gcc, r-devel-linux-x86_64-fedora-clang, r-devel-linux-x86_64-fedora-gcc, r-patched-linux-x86_64, r-release-linux-x86_64, r-release-macos-arm64, r-release-macos-x86_64, r-release-windows-x86_64, r-oldrel-macos-arm64, r-oldrel-macos-x86_64, r-oldrel-windows-ix86+x86_64
Version: 1.1
Check: R code for possible problems
Result: NOTE
parviol: no visible global function definition for 'plot.new'
parviol: no visible global function definition for 'plot.window'
parviol: no visible global function definition for 'title'
parviol: no visible global function definition for 'lines'
parviol: no visible global function definition for 'text'
parviol: no visible global function definition for 'rgb'
selecto: no visible global function definition for 'lines'
Undefined global functions or variables:
lines plot.new plot.window rgb text title
Consider adding
importFrom("grDevices", "rgb")
importFrom("graphics", "lines", "plot.new", "plot.window", "text",
"title")
to your NAMESPACE file.
Flavors: r-devel-linux-x86_64-debian-clang, r-devel-linux-x86_64-debian-gcc, r-devel-linux-x86_64-fedora-clang, r-devel-linux-x86_64-fedora-gcc, r-patched-linux-x86_64, r-release-linux-x86_64, r-release-macos-arm64, r-release-macos-x86_64, r-release-windows-x86_64, r-oldrel-macos-arm64, r-oldrel-macos-x86_64, r-oldrel-windows-ix86+x86_64