Last updated on 2022-04-24 03:52:33 CEST.
Flavor | Version | Tinstall | Tcheck | Ttotal | Status | Flags |
---|---|---|---|---|---|---|
r-devel-linux-x86_64-debian-clang | 0.4.1 | 61.31 | 42.41 | 103.72 | OK | |
r-devel-linux-x86_64-debian-gcc | 0.4.1 | 55.29 | 33.33 | 88.62 | OK | |
r-devel-linux-x86_64-fedora-clang | 0.4.1 | 150.89 | OK | |||
r-devel-linux-x86_64-fedora-gcc | 0.4.1 | 137.05 | OK | |||
r-patched-linux-x86_64 | 0.4.1 | 54.68 | 40.76 | 95.44 | OK | |
r-release-linux-x86_64 | 0.4.1 | 57.13 | 40.34 | 97.47 | OK | |
r-release-macos-arm64 | 0.4.1 | NOTE | ||||
r-release-macos-x86_64 | 0.4.1 | OK | ||||
r-release-windows-x86_64 | 0.4.1 | 65.00 | 87.00 | 152.00 | OK | |
r-oldrel-macos-arm64 | 0.4.1 | NOTE | ||||
r-oldrel-macos-x86_64 | 0.4.1 | OK | ||||
r-oldrel-windows-ix86+x86_64 | 0.4.1 | 152.00 | 86.00 | 238.00 | OK |
Version: 0.4.1
Check: installed package size
Result: NOTE
installed size is 5.0Mb
sub-directories of 1Mb or more:
doc 1.2Mb
libs 3.7Mb
Flavors: r-release-macos-arm64, r-oldrel-macos-arm64