Last updated on 2022-04-24 03:52:33 CEST.
Flavor | Version | Tinstall | Tcheck | Ttotal | Status | Flags |
---|---|---|---|---|---|---|
r-devel-linux-x86_64-debian-clang | 0.1-2 | 5.37 | 58.80 | 64.17 | NOTE | |
r-devel-linux-x86_64-debian-gcc | 0.1-2 | 3.49 | 47.03 | 50.52 | NOTE | |
r-devel-linux-x86_64-fedora-clang | 0.1-2 | 78.31 | NOTE | |||
r-devel-linux-x86_64-fedora-gcc | 0.1-2 | 68.15 | NOTE | |||
r-patched-linux-x86_64 | 0.1-2 | 5.31 | 57.05 | 62.36 | NOTE | |
r-release-linux-x86_64 | 0.1-2 | 5.08 | 56.30 | 61.38 | NOTE | |
r-release-macos-arm64 | 0.1-2 | NOTE | ||||
r-release-macos-x86_64 | 0.1-2 | NOTE | ||||
r-release-windows-x86_64 | 0.1-2 | 13.00 | 96.00 | 109.00 | NOTE | |
r-oldrel-macos-arm64 | 0.1-2 | NOTE | ||||
r-oldrel-macos-x86_64 | 0.1-2 | NOTE | ||||
r-oldrel-windows-ix86+x86_64 | 0.1-2 | 10.00 | 79.00 | 89.00 | NOTE |
Version: 0.1-2
Check: dependencies in R code
Result: NOTE
Packages in Depends field not imported from:
'ape' 'caper'
These packages need to be imported from (in the NAMESPACE file)
for when this namespace is loaded but not attached.
Flavors: r-devel-linux-x86_64-debian-clang, r-devel-linux-x86_64-debian-gcc, r-devel-linux-x86_64-fedora-clang, r-devel-linux-x86_64-fedora-gcc, r-patched-linux-x86_64, r-release-linux-x86_64, r-release-macos-arm64, r-release-macos-x86_64, r-release-windows-x86_64, r-oldrel-macos-arm64, r-oldrel-macos-x86_64, r-oldrel-windows-ix86+x86_64
Version: 0.1-2
Check: R code for possible problems
Result: NOTE
conch: no visible global function definition for 'read.tree'
conch: no visible global function definition for 'reorder'
conch: no visible global function definition for 'read.nexus'
conch: no visible global function definition for '.compressTipLabel'
conch: no visible global function definition for 'drop.tip'
conch: no visible global function definition for 'extract.clade'
conch: no visible global function definition for 'which.edge'
conch: no visible global function definition for 'write.tree'
pastis_main: no visible global function definition for 'combn'
read_input: no visible global function definition for 'read.tree'
read_input: no visible global function definition for 'reorder'
read_input: no visible global function definition for 'read.csv'
read_input: no visible global function definition for 'read.dna'
Undefined global functions or variables:
.compressTipLabel combn drop.tip extract.clade read.csv read.dna
read.nexus read.tree reorder which.edge write.tree
Consider adding
importFrom("stats", "reorder")
importFrom("utils", "combn", "read.csv")
to your NAMESPACE file.
Flavors: r-devel-linux-x86_64-debian-clang, r-devel-linux-x86_64-debian-gcc, r-devel-linux-x86_64-fedora-clang, r-devel-linux-x86_64-fedora-gcc, r-patched-linux-x86_64, r-release-linux-x86_64, r-release-macos-arm64, r-release-macos-x86_64, r-release-windows-x86_64, r-oldrel-macos-arm64, r-oldrel-macos-x86_64, r-oldrel-windows-ix86+x86_64
Version: 0.1-2
Check: for non-standard things in the check directory
Result: NOTE
Found the following files/directories:
'pastis_data_1' 'pastis_data_2' 'pastis_data_3'
Flavors: r-devel-linux-x86_64-debian-clang, r-devel-linux-x86_64-debian-gcc, r-devel-linux-x86_64-fedora-clang, r-devel-linux-x86_64-fedora-gcc, r-patched-linux-x86_64, r-release-linux-x86_64