Last updated on 2022-04-24 03:52:33 CEST.
Flavor | Version | Tinstall | Tcheck | Ttotal | Status | Flags |
---|---|---|---|---|---|---|
r-devel-linux-x86_64-debian-clang | 1.1.0 | 6.34 | 75.63 | 81.97 | NOTE | |
r-devel-linux-x86_64-debian-gcc | 1.1.0 | 4.90 | 55.65 | 60.55 | NOTE | |
r-devel-linux-x86_64-fedora-clang | 1.1.0 | 95.98 | NOTE | |||
r-devel-linux-x86_64-fedora-gcc | 1.1.0 | 85.09 | NOTE | |||
r-patched-linux-x86_64 | 1.1.0 | 6.12 | 71.09 | 77.21 | NOTE | |
r-release-linux-x86_64 | 1.1.0 | 5.66 | 67.14 | 72.80 | NOTE | |
r-release-macos-arm64 | 1.1.0 | NOTE | ||||
r-release-macos-x86_64 | 1.1.0 | NOTE | ||||
r-release-windows-x86_64 | 1.1.0 | 15.00 | 91.00 | 106.00 | NOTE | |
r-oldrel-macos-arm64 | 1.1.0 | NOTE | ||||
r-oldrel-macos-x86_64 | 1.1.0 | NOTE | ||||
r-oldrel-windows-ix86+x86_64 | 1.1.0 | 15.00 | 86.00 | 101.00 | NOTE |
Version: 1.1.0
Check: DESCRIPTION meta-information
Result: NOTE
Checking should be performed on sources prepared by 'R CMD build'.
Flavors: r-devel-linux-x86_64-debian-clang, r-devel-linux-x86_64-debian-gcc, r-devel-linux-x86_64-fedora-clang, r-devel-linux-x86_64-fedora-gcc, r-patched-linux-x86_64, r-release-linux-x86_64, r-release-macos-arm64, r-release-macos-x86_64, r-release-windows-x86_64, r-oldrel-macos-arm64, r-oldrel-macos-x86_64, r-oldrel-windows-ix86+x86_64