Last updated on 2022-04-24 03:52:33 CEST.
Flavor | Version | Tinstall | Tcheck | Ttotal | Status | Flags |
---|---|---|---|---|---|---|
r-devel-linux-x86_64-debian-clang | 0.1-4 | 2.22 | 33.85 | 36.07 | NOTE | |
r-devel-linux-x86_64-debian-gcc | 0.1-4 | 1.64 | 26.01 | 27.65 | NOTE | |
r-devel-linux-x86_64-fedora-clang | 0.1-4 | 43.50 | NOTE | |||
r-devel-linux-x86_64-fedora-gcc | 0.1-4 | 32.29 | NOTE | |||
r-patched-linux-x86_64 | 0.1-4 | 2.31 | 32.38 | 34.69 | NOTE | |
r-release-linux-x86_64 | 0.1-4 | 1.77 | 29.79 | 31.56 | OK | |
r-release-macos-arm64 | 0.1-4 | OK | ||||
r-release-macos-x86_64 | 0.1-4 | OK | ||||
r-release-windows-x86_64 | 0.1-4 | 13.00 | 52.00 | 65.00 | OK | |
r-oldrel-macos-arm64 | 0.1-4 | OK | ||||
r-oldrel-macos-x86_64 | 0.1-4 | OK | ||||
r-oldrel-windows-ix86+x86_64 | 0.1-4 | 5.00 | 38.00 | 43.00 | OK |
Version: 0.1-4
Check: for non-standard things in the check directory
Result: NOTE
Found the following files/directories:
'Minimal-concordance.tex' 'Minimal.Rnw' 'Minimal.pdf'
'Minimal.synctex.gz' 'Minimal.tex' 'figure'
Flavors: r-devel-linux-x86_64-debian-clang, r-devel-linux-x86_64-debian-gcc, r-devel-linux-x86_64-fedora-clang, r-devel-linux-x86_64-fedora-gcc, r-patched-linux-x86_64