Last updated on 2022-04-24 03:52:33 CEST.
Flavor | Version | Tinstall | Tcheck | Ttotal | Status | Flags |
---|---|---|---|---|---|---|
r-devel-linux-x86_64-debian-clang | 1.1.1 | 7.97 | 143.61 | 151.58 | NOTE | |
r-devel-linux-x86_64-debian-gcc | 1.1.1 | 6.50 | 102.37 | 108.87 | NOTE | |
r-devel-linux-x86_64-fedora-clang | 1.1.1 | 171.58 | NOTE | |||
r-devel-linux-x86_64-fedora-gcc | 1.1.1 | 159.52 | NOTE | |||
r-patched-linux-x86_64 | 1.1.1 | 8.87 | 129.82 | 138.69 | NOTE | |
r-release-linux-x86_64 | 1.1.1 | 6.39 | 122.69 | 129.08 | NOTE | |
r-release-macos-arm64 | 1.1.1 | NOTE | ||||
r-release-macos-x86_64 | 1.1.1 | NOTE | ||||
r-release-windows-x86_64 | 1.1.1 | 113.00 | 157.00 | 270.00 | NOTE | |
r-oldrel-macos-arm64 | 1.1.1 | NOTE | ||||
r-oldrel-macos-x86_64 | 1.1.1 | NOTE | ||||
r-oldrel-windows-ix86+x86_64 | 1.1.1 | 18.00 | 143.00 | 161.00 | NOTE |
Version: 1.1.1
Check: LazyData
Result: NOTE
'LazyData' is specified without a 'data' directory
Flavors: r-devel-linux-x86_64-debian-clang, r-devel-linux-x86_64-debian-gcc, r-devel-linux-x86_64-fedora-clang, r-devel-linux-x86_64-fedora-gcc, r-patched-linux-x86_64, r-release-linux-x86_64, r-release-macos-arm64, r-release-macos-x86_64, r-release-windows-x86_64, r-oldrel-macos-arm64, r-oldrel-macos-x86_64, r-oldrel-windows-ix86+x86_64