Last updated on 2022-04-24 03:52:33 CEST.
Flavor | Version | Tinstall | Tcheck | Ttotal | Status | Flags |
---|---|---|---|---|---|---|
r-devel-linux-x86_64-debian-clang | 1.1.2 | 19.31 | 38.64 | 57.95 | OK | |
r-devel-linux-x86_64-debian-gcc | 1.1.2 | 18.37 | 30.36 | 48.73 | OK | |
r-devel-linux-x86_64-fedora-clang | 1.1.2 | 77.84 | NOTE | |||
r-devel-linux-x86_64-fedora-gcc | 1.1.2 | 66.34 | NOTE | |||
r-patched-linux-x86_64 | 1.1.2 | 21.92 | 37.44 | 59.36 | OK | |
r-release-linux-x86_64 | 1.1.2 | 21.35 | 35.54 | 56.89 | OK | |
r-release-macos-arm64 | 1.1.2 | NOTE | ||||
r-release-macos-x86_64 | 1.1.2 | NOTE | ||||
r-release-windows-x86_64 | 1.1.2 | 110.00 | 56.00 | 166.00 | OK | |
r-oldrel-macos-arm64 | 1.1.2 | NOTE | ||||
r-oldrel-macos-x86_64 | 1.1.2 | NOTE | ||||
r-oldrel-windows-ix86+x86_64 | 1.1.2 | 42.00 | 32.00 | 74.00 | OK |
Version: 1.1.2
Check: Rd cross-references
Result: NOTE
Undeclared package ‘pathfindR’ in Rd xrefs
Flavor: r-devel-linux-x86_64-fedora-clang
Version: 1.1.2
Check: data for non-ASCII characters
Result: NOTE
Note: found 1 marked UTF-8 string
Flavors: r-devel-linux-x86_64-fedora-clang, r-devel-linux-x86_64-fedora-gcc, r-release-macos-arm64, r-release-macos-x86_64, r-oldrel-macos-arm64, r-oldrel-macos-x86_64
Version: 1.1.2
Check: Rd cross-references
Result: NOTE
Package unavailable to check Rd xrefs: ‘pathfindR’
Flavors: r-release-macos-arm64, r-release-macos-x86_64, r-oldrel-macos-arm64, r-oldrel-macos-x86_64