Last updated on 2022-04-24 03:52:33 CEST.
Flavor | Version | Tinstall | Tcheck | Ttotal | Status | Flags |
---|---|---|---|---|---|---|
r-devel-linux-x86_64-debian-clang | 0.1.0 | 5.24 | 58.24 | 63.48 | OK | |
r-devel-linux-x86_64-debian-gcc | 0.1.0 | 3.85 | 43.49 | 47.34 | OK | |
r-devel-linux-x86_64-fedora-clang | 0.1.0 | 74.10 | NOTE | |||
r-devel-linux-x86_64-fedora-gcc | 0.1.0 | 63.88 | NOTE | |||
r-patched-linux-x86_64 | 0.1.0 | 5.25 | 53.43 | 58.68 | OK | |
r-release-linux-x86_64 | 0.1.0 | 4.76 | 50.23 | 54.99 | OK | |
r-release-macos-arm64 | 0.1.0 | NOTE | ||||
r-release-macos-x86_64 | 0.1.0 | NOTE | ||||
r-release-windows-x86_64 | 0.1.0 | 11.00 | 70.00 | 81.00 | OK | |
r-oldrel-macos-arm64 | 0.1.0 | NOTE | ||||
r-oldrel-macos-x86_64 | 0.1.0 | NOTE | ||||
r-oldrel-windows-ix86+x86_64 | 0.1.0 | 11.00 | 63.00 | 74.00 | OK |
Version: 0.1.0
Check: dependencies in R code
Result: NOTE
Namespaces in Imports field not imported from:
‘testthat’ ‘usethis’ ‘utils’
All declared Imports should be used.
Flavors: r-devel-linux-x86_64-fedora-clang, r-devel-linux-x86_64-fedora-gcc, r-release-macos-arm64, r-release-macos-x86_64, r-oldrel-macos-arm64, r-oldrel-macos-x86_64