Last updated on 2022-04-24 03:52:33 CEST.
Flavor | Version | Tinstall | Tcheck | Ttotal | Status | Flags |
---|---|---|---|---|---|---|
r-devel-linux-x86_64-debian-clang | 2.0.2 | 11.17 | 208.58 | 219.75 | OK | |
r-devel-linux-x86_64-debian-gcc | 2.0.2 | 8.15 | 149.69 | 157.84 | OK | |
r-devel-linux-x86_64-fedora-clang | 2.0.2 | 257.38 | NOTE | |||
r-devel-linux-x86_64-fedora-gcc | 2.0.2 | 231.19 | OK | |||
r-patched-linux-x86_64 | 2.0.2 | 16.58 | 192.21 | 208.79 | OK | |
r-release-linux-x86_64 | 2.0.2 | 6.00 | 179.60 | 185.60 | OK | |
r-release-macos-arm64 | 2.0.2 | NOTE | ||||
r-release-macos-x86_64 | 2.0.2 | NOTE | ||||
r-release-windows-x86_64 | 2.0.2 | 146.00 | 226.00 | 372.00 | NOTE | |
r-oldrel-macos-arm64 | 2.0.2 | NOTE | ||||
r-oldrel-macos-x86_64 | 2.0.2 | NOTE | ||||
r-oldrel-windows-ix86+x86_64 | 2.0.2 | 23.00 | 230.00 | 253.00 | NOTE |
Version: 2.0.2
Check: installed package size
Result: NOTE
installed size is 5.4Mb
sub-directories of 1Mb or more:
doc 5.0Mb
Flavors: r-devel-linux-x86_64-fedora-clang, r-release-macos-arm64, r-release-macos-x86_64, r-release-windows-x86_64, r-oldrel-macos-arm64, r-oldrel-macos-x86_64, r-oldrel-windows-ix86+x86_64