Last updated on 2022-04-24 03:52:33 CEST.
Flavor | Version | Tinstall | Tcheck | Ttotal | Status | Flags |
---|---|---|---|---|---|---|
r-devel-linux-x86_64-debian-clang | 1.0.0 | 58.39 | 250.64 | 309.03 | NOTE | |
r-devel-linux-x86_64-debian-gcc | 1.0.0 | 51.56 | 174.79 | 226.35 | NOTE | |
r-devel-linux-x86_64-fedora-clang | 1.0.0 | 395.77 | NOTE | |||
r-devel-linux-x86_64-fedora-gcc | 1.0.0 | 373.40 | NOTE | |||
r-patched-linux-x86_64 | 1.0.0 | 56.70 | 237.78 | 294.48 | NOTE | |
r-release-linux-x86_64 | 1.0.0 | 49.44 | 102.98 | 152.42 | NOTE | |
r-release-macos-arm64 | 1.0.0 | NOTE | ||||
r-release-macos-x86_64 | 1.0.0 | NOTE | ||||
r-release-windows-x86_64 | 1.0.0 | 72.00 | 295.00 | 367.00 | NOTE | |
r-oldrel-macos-arm64 | 1.0.0 | NOTE | ||||
r-oldrel-macos-x86_64 | 1.0.0 | NOTE | ||||
r-oldrel-windows-ix86+x86_64 | 1.0.0 | 149.00 | 202.00 | 351.00 | NOTE |
Version: 1.0.0
Check: for GNU extensions in Makefiles
Result: NOTE
GNU make is a SystemRequirements.
Flavors: r-devel-linux-x86_64-debian-clang, r-devel-linux-x86_64-debian-gcc, r-devel-linux-x86_64-fedora-clang, r-devel-linux-x86_64-fedora-gcc, r-patched-linux-x86_64, r-release-linux-x86_64, r-release-macos-arm64, r-release-macos-x86_64, r-release-windows-x86_64, r-oldrel-macos-arm64, r-oldrel-macos-x86_64, r-oldrel-windows-ix86+x86_64