Last updated on 2022-04-24 03:52:33 CEST.
Flavor | Version | Tinstall | Tcheck | Ttotal | Status | Flags |
---|---|---|---|---|---|---|
r-devel-linux-x86_64-debian-clang | 2.7.1 | 20.87 | 223.84 | 244.71 | OK | |
r-devel-linux-x86_64-debian-gcc | 2.7.1 | 14.63 | 158.26 | 172.89 | OK | |
r-devel-linux-x86_64-fedora-clang | 2.7.1 | 311.89 | NOTE | |||
r-devel-linux-x86_64-fedora-gcc | 2.7.1 | 294.74 | OK | |||
r-patched-linux-x86_64 | 2.7.1 | 19.55 | 213.07 | 232.62 | OK | |
r-release-linux-x86_64 | 2.7.1 | 18.20 | 205.53 | 223.73 | OK | |
r-release-macos-arm64 | 2.7.1 | OK | ||||
r-release-macos-x86_64 | 2.7.1 | OK | ||||
r-release-windows-x86_64 | 2.7.1 | 41.00 | 201.00 | 242.00 | OK | |
r-oldrel-macos-arm64 | 2.7.1 | OK | ||||
r-oldrel-macos-x86_64 | 2.7.1 | OK | ||||
r-oldrel-windows-ix86+x86_64 | 2.7.1 | 25.00 | 226.00 | 251.00 | OK |
Version: 2.7.1
Check: Rd cross-references
Result: NOTE
Undeclared package ‘future’ in Rd xrefs
Flavor: r-devel-linux-x86_64-fedora-clang