Last updated on 2022-04-24 03:52:33 CEST.
Flavor | Version | Tinstall | Tcheck | Ttotal | Status | Flags |
---|---|---|---|---|---|---|
r-devel-linux-x86_64-debian-clang | 0.1.12 | 79.03 | 156.19 | 235.22 | OK | |
r-devel-linux-x86_64-debian-gcc | 0.1.12 | 58.08 | 115.64 | 173.72 | OK | |
r-devel-linux-x86_64-fedora-clang | 0.1.12 | 281.68 | OK | |||
r-devel-linux-x86_64-fedora-gcc | 0.1.12 | 266.31 | OK | |||
r-patched-linux-x86_64 | 0.1.12 | 82.85 | 151.07 | 233.92 | OK | |
r-release-linux-x86_64 | 0.1.12 | 70.65 | 144.74 | 215.39 | OK | |
r-release-macos-arm64 | 0.1.12 | NOTE | ||||
r-release-macos-x86_64 | 0.1.12 | OK | ||||
r-release-windows-x86_64 | 0.1.12 | 4793.00 | 229.00 | 5022.00 | OK | |
r-oldrel-macos-arm64 | 0.1.12 | NOTE | ||||
r-oldrel-macos-x86_64 | 0.1.12 | OK | ||||
r-oldrel-windows-ix86+x86_64 | 0.1.12 | 118.00 | 170.00 | 288.00 | OK |
Version: 0.1.12
Check: installed package size
Result: NOTE
installed size is 5.6Mb
sub-directories of 1Mb or more:
R 2.0Mb
help 3.5Mb
Flavors: r-release-macos-arm64, r-oldrel-macos-arm64