Last updated on 2022-04-24 03:52:33 CEST.
Flavor | Version | Tinstall | Tcheck | Ttotal | Status | Flags |
---|---|---|---|---|---|---|
r-devel-linux-x86_64-debian-clang | 0.3-2 | 146.09 | 64.69 | 210.78 | OK | |
r-devel-linux-x86_64-debian-gcc | 0.3-2 | 136.51 | 50.86 | 187.37 | OK | |
r-devel-linux-x86_64-fedora-clang | 0.3-2 | 288.19 | NOTE | |||
r-devel-linux-x86_64-fedora-gcc | 0.3-2 | 278.69 | OK | |||
r-patched-linux-x86_64 | 0.3-2 | 133.67 | 63.74 | 197.41 | OK | |
r-release-linux-x86_64 | 0.3-2 | 133.21 | 60.96 | 194.17 | OK | |
r-release-macos-arm64 | 0.3-2 | ERROR | ||||
r-release-macos-x86_64 | 0.3-2 | ERROR | ||||
r-release-windows-x86_64 | 0.3-2 | 548.00 | 121.00 | 669.00 | NOTE | |
r-oldrel-macos-arm64 | 0.3-2 | ERROR | ||||
r-oldrel-macos-x86_64 | 0.3-2 | ERROR | ||||
r-oldrel-windows-ix86+x86_64 | 0.3-2 | 484.00 | 98.00 | 582.00 | NOTE |
Version: 0.3-2
Check: installed package size
Result: NOTE
installed size is 9.7Mb
sub-directories of 1Mb or more:
lib 9.3Mb
Flavors: r-devel-linux-x86_64-fedora-clang, r-release-windows-x86_64, r-oldrel-windows-ix86+x86_64
Version: 0.3-2
Check: package dependencies
Result: ERROR
Package required but not available: ‘pbdMPI’
See section ‘The DESCRIPTION file’ in the ‘Writing R Extensions’
manual.
Flavors: r-release-macos-arm64, r-release-macos-x86_64, r-oldrel-macos-arm64, r-oldrel-macos-x86_64