Last updated on 2022-04-24 03:52:33 CEST.
Flavor | Version | Tinstall | Tcheck | Ttotal | Status | Flags |
---|---|---|---|---|---|---|
r-devel-linux-x86_64-debian-clang | 0.1.4 | 5.85 | 74.29 | 80.14 | NOTE | |
r-devel-linux-x86_64-debian-gcc | 0.1.4 | 5.35 | 54.95 | 60.30 | NOTE | |
r-devel-linux-x86_64-fedora-clang | 0.1.4 | 94.53 | NOTE | |||
r-devel-linux-x86_64-fedora-gcc | 0.1.4 | 84.64 | NOTE | |||
r-patched-linux-x86_64 | 0.1.4 | 6.22 | 69.44 | 75.66 | NOTE | |
r-release-linux-x86_64 | 0.1.4 | 5.04 | 66.50 | 71.54 | NOTE | |
r-release-macos-arm64 | 0.1.4 | NOTE | ||||
r-release-macos-x86_64 | 0.1.4 | NOTE | ||||
r-release-windows-x86_64 | 0.1.4 | 18.00 | 94.00 | 112.00 | NOTE | |
r-oldrel-macos-arm64 | 0.1.4 | NOTE | ||||
r-oldrel-macos-x86_64 | 0.1.4 | NOTE | ||||
r-oldrel-windows-ix86+x86_64 | 0.1.4 | 15.00 | 82.00 | 97.00 | NOTE |
Version: 0.1.4
Check: LazyData
Result: NOTE
'LazyData' is specified without a 'data' directory
Flavors: r-devel-linux-x86_64-debian-clang, r-devel-linux-x86_64-debian-gcc, r-devel-linux-x86_64-fedora-clang, r-devel-linux-x86_64-fedora-gcc, r-patched-linux-x86_64, r-release-linux-x86_64, r-release-macos-arm64, r-release-macos-x86_64, r-release-windows-x86_64, r-oldrel-macos-arm64, r-oldrel-macos-x86_64, r-oldrel-windows-ix86+x86_64