Last updated on 2022-04-24 03:52:33 CEST.
Flavor | Version | Tinstall | Tcheck | Ttotal | Status | Flags |
---|---|---|---|---|---|---|
r-devel-linux-x86_64-debian-clang | 1.5.0 | 2.90 | 32.82 | 35.72 | WARN | |
r-devel-linux-x86_64-debian-gcc | 1.5.0 | 2.00 | 24.96 | 26.96 | WARN | |
r-devel-linux-x86_64-fedora-clang | 1.5.0 | 45.09 | WARN | |||
r-devel-linux-x86_64-fedora-gcc | 1.5.0 | 33.92 | WARN | |||
r-patched-linux-x86_64 | 1.5.0 | 2.28 | 31.12 | 33.40 | NOTE | |
r-release-linux-x86_64 | 1.5.0 | 2.23 | 30.88 | 33.11 | NOTE | |
r-release-macos-arm64 | 1.5.0 | NOTE | ||||
r-release-macos-x86_64 | 1.5.0 | NOTE | ||||
r-release-windows-x86_64 | 1.5.0 | 20.00 | 49.00 | 69.00 | NOTE | |
r-oldrel-macos-arm64 | 1.5.0 | NOTE | ||||
r-oldrel-macos-x86_64 | 1.5.0 | NOTE | ||||
r-oldrel-windows-ix86+x86_64 | 1.5.0 | 9.00 | 44.00 | 53.00 | NOTE |
Version: 1.5.0
Check: Rd files
Result: WARN
checkRd: (7) progressBar.Rd:38: invalid email address: franapoli@@gmail.com
Flavors: r-devel-linux-x86_64-debian-clang, r-devel-linux-x86_64-debian-gcc, r-devel-linux-x86_64-fedora-clang, r-devel-linux-x86_64-fedora-gcc
Version: 1.5.0
Check: LazyData
Result: NOTE
'LazyData' is specified without a 'data' directory
Flavors: r-devel-linux-x86_64-debian-clang, r-devel-linux-x86_64-debian-gcc, r-devel-linux-x86_64-fedora-clang, r-devel-linux-x86_64-fedora-gcc, r-patched-linux-x86_64, r-release-linux-x86_64, r-release-macos-arm64, r-release-macos-x86_64, r-release-windows-x86_64, r-oldrel-macos-arm64, r-oldrel-macos-x86_64, r-oldrel-windows-ix86+x86_64