Last updated on 2022-04-24 03:52:33 CEST.
Flavor | Version | Tinstall | Tcheck | Ttotal | Status | Flags |
---|---|---|---|---|---|---|
r-devel-linux-x86_64-debian-clang | 1.3.4 | 2.46 | 47.71 | 50.17 | NOTE | |
r-devel-linux-x86_64-debian-gcc | 1.3.4 | 2.10 | 36.46 | 38.56 | NOTE | |
r-devel-linux-x86_64-fedora-clang | 1.3.4 | 60.98 | NOTE | |||
r-devel-linux-x86_64-fedora-gcc | 1.3.4 | 50.09 | NOTE | |||
r-patched-linux-x86_64 | 1.3.4 | 2.48 | 45.61 | 48.09 | NOTE | |
r-release-linux-x86_64 | 1.3.4 | 2.23 | 40.11 | 42.34 | NOTE | |
r-release-macos-arm64 | 1.3.4 | NOTE | ||||
r-release-macos-x86_64 | 1.3.4 | NOTE | ||||
r-release-windows-x86_64 | 1.3.4 | 20.00 | 72.00 | 92.00 | NOTE | |
r-oldrel-macos-arm64 | 1.3.4 | NOTE | ||||
r-oldrel-macos-x86_64 | 1.3.4 | NOTE | ||||
r-oldrel-windows-ix86+x86_64 | 1.3.4 | 7.00 | 54.00 | 61.00 | NOTE |
Version: 1.3.4
Check: dependencies in R code
Result: NOTE
'library' or 'require' call to 'foreach' in package code.
Please use :: or requireNamespace() instead.
See section 'Suggested packages' in the 'Writing R Extensions' manual.
Flavors: r-devel-linux-x86_64-debian-clang, r-devel-linux-x86_64-debian-gcc, r-devel-linux-x86_64-fedora-clang, r-devel-linux-x86_64-fedora-gcc, r-patched-linux-x86_64, r-release-linux-x86_64, r-release-macos-arm64, r-release-macos-x86_64, r-release-windows-x86_64, r-oldrel-macos-arm64, r-oldrel-macos-x86_64, r-oldrel-windows-ix86+x86_64
Version: 1.3.4
Check: R code for possible problems
Result: NOTE
dotplot.pbo: no visible global function definition for 'reorder'
pbo: no visible global function definition for '%dopar%'
pbo: no visible global function definition for 'foreach'
pbo: no visible global function definition for 'lm'
xyplot.pbo: no visible global function definition for 'ecdf'
xyplot.pbo: no visible global function definition for 'doubleYScale'
xyplot.pbo: no visible global function definition for 'reorder'
Undefined global functions or variables:
%dopar% doubleYScale ecdf foreach lm reorder
Consider adding
importFrom("stats", "ecdf", "lm", "reorder")
to your NAMESPACE file.
Flavors: r-devel-linux-x86_64-debian-clang, r-devel-linux-x86_64-debian-gcc, r-devel-linux-x86_64-fedora-clang, r-devel-linux-x86_64-fedora-gcc, r-patched-linux-x86_64, r-release-linux-x86_64, r-release-macos-arm64, r-release-macos-x86_64, r-release-windows-x86_64, r-oldrel-macos-arm64, r-oldrel-macos-x86_64, r-oldrel-windows-ix86+x86_64