Last updated on 2022-04-24 03:52:33 CEST.
Flavor | Version | Tinstall | Tcheck | Ttotal | Status | Flags |
---|---|---|---|---|---|---|
r-devel-linux-x86_64-debian-clang | 1.1 | 1.82 | 31.01 | 32.83 | NOTE | |
r-devel-linux-x86_64-debian-gcc | 1.1 | 1.55 | 24.20 | 25.75 | NOTE | |
r-devel-linux-x86_64-fedora-clang | 1.1 | 41.27 | NOTE | |||
r-devel-linux-x86_64-fedora-gcc | 1.1 | 29.68 | NOTE | |||
r-patched-linux-x86_64 | 1.1 | 2.21 | 30.17 | 32.38 | NOTE | |
r-release-linux-x86_64 | 1.1 | 1.81 | 29.51 | 31.32 | NOTE | |
r-release-macos-arm64 | 1.1 | NOTE | ||||
r-release-macos-x86_64 | 1.1 | NOTE | ||||
r-release-windows-x86_64 | 1.1 | 10.00 | 45.00 | 55.00 | NOTE | |
r-oldrel-macos-arm64 | 1.1 | NOTE | ||||
r-oldrel-macos-x86_64 | 1.1 | NOTE | ||||
r-oldrel-windows-ix86+x86_64 | 1.1 | 4.00 | 32.00 | 36.00 | NOTE |
Version: 1.1
Check: DESCRIPTION meta-information
Result: NOTE
Malformed Description field: should contain one or more complete sentences.
Flavors: r-devel-linux-x86_64-debian-clang, r-devel-linux-x86_64-debian-gcc, r-devel-linux-x86_64-fedora-clang, r-devel-linux-x86_64-fedora-gcc, r-patched-linux-x86_64, r-release-linux-x86_64, r-release-macos-arm64, r-release-macos-x86_64, r-release-windows-x86_64, r-oldrel-macos-arm64, r-oldrel-macos-x86_64, r-oldrel-windows-ix86+x86_64