Last updated on 2022-04-24 03:52:33 CEST.
Flavor | Version | Tinstall | Tcheck | Ttotal | Status | Flags |
---|---|---|---|---|---|---|
r-devel-linux-x86_64-debian-clang | 1.2 | 3.21 | 40.81 | 44.02 | NOTE | |
r-devel-linux-x86_64-debian-gcc | 1.2 | 3.06 | 31.63 | 34.69 | NOTE | |
r-devel-linux-x86_64-fedora-clang | 1.2 | 54.72 | NOTE | |||
r-devel-linux-x86_64-fedora-gcc | 1.2 | 44.84 | NOTE | |||
r-patched-linux-x86_64 | 1.2 | 3.50 | 39.29 | 42.79 | NOTE | |
r-release-linux-x86_64 | 1.2 | 3.54 | 38.73 | 42.27 | NOTE | |
r-release-macos-arm64 | 1.2 | NOTE | ||||
r-release-macos-x86_64 | 1.2 | NOTE | ||||
r-release-windows-x86_64 | 1.2 | 20.00 | 66.00 | 86.00 | NOTE | |
r-oldrel-macos-arm64 | 1.2 | NOTE | ||||
r-oldrel-macos-x86_64 | 1.2 | NOTE | ||||
r-oldrel-windows-ix86+x86_64 | 1.2 | 12.00 | 63.00 | 75.00 | NOTE |
Version: 1.2
Check: LazyData
Result: NOTE
'LazyData' is specified without a 'data' directory
Flavors: r-devel-linux-x86_64-debian-clang, r-devel-linux-x86_64-debian-gcc, r-devel-linux-x86_64-fedora-clang, r-devel-linux-x86_64-fedora-gcc, r-patched-linux-x86_64, r-release-linux-x86_64, r-release-macos-arm64, r-release-macos-x86_64, r-release-windows-x86_64, r-oldrel-macos-arm64, r-oldrel-macos-x86_64, r-oldrel-windows-ix86+x86_64