Last updated on 2022-04-24 03:52:33 CEST.
Flavor | Version | Tinstall | Tcheck | Ttotal | Status | Flags |
---|---|---|---|---|---|---|
r-devel-linux-x86_64-debian-clang | 0.2.0 | 2.57 | 38.59 | 41.16 | NOTE | |
r-devel-linux-x86_64-debian-gcc | 0.2.0 | 2.16 | 29.53 | 31.69 | NOTE | |
r-devel-linux-x86_64-fedora-clang | 0.2.0 | 49.00 | NOTE | |||
r-devel-linux-x86_64-fedora-gcc | 0.2.0 | 38.42 | NOTE | |||
r-patched-linux-x86_64 | 0.2.0 | 2.49 | 36.39 | 38.88 | NOTE | |
r-release-linux-x86_64 | 0.2.0 | 2.63 | 34.26 | 36.89 | NOTE | |
r-release-macos-arm64 | 0.2.0 | NOTE | ||||
r-release-macos-x86_64 | 0.2.0 | NOTE | ||||
r-release-windows-x86_64 | 0.2.0 | 12.00 | 59.00 | 71.00 | NOTE | |
r-oldrel-macos-arm64 | 0.2.0 | NOTE | ||||
r-oldrel-macos-x86_64 | 0.2.0 | NOTE | ||||
r-oldrel-windows-ix86+x86_64 | 0.2.0 | 7.00 | 47.00 | 54.00 | NOTE |
Version: 0.2.0
Check: R code for possible problems
Result: NOTE
draw.pcaBootPlot: no visible global function definition for 'grid'
draw.pcaBootPlot: no visible global function definition for 'points'
draw.pcaBootPlot: no visible global function definition for 'symbols'
draw.pcaBootPlot: no visible global function definition for 'legend'
pcaBootPlot: no visible global function definition for 'prcomp'
pcaBootPlot: no visible global function definition for 'cor'
pcaBootPlot: no visible global function definition for 'quantile'
pcaBootPlot: no visible global function definition for 'pdf'
pcaBootPlot: no visible global function definition for 'dev.off'
Undefined global functions or variables:
cor dev.off grid legend pdf points prcomp quantile symbols
Consider adding
importFrom("grDevices", "dev.off", "pdf")
importFrom("graphics", "grid", "legend", "points", "symbols")
importFrom("stats", "cor", "prcomp", "quantile")
to your NAMESPACE file.
Flavors: r-devel-linux-x86_64-debian-clang, r-devel-linux-x86_64-debian-gcc, r-devel-linux-x86_64-fedora-clang, r-devel-linux-x86_64-fedora-gcc, r-patched-linux-x86_64, r-release-linux-x86_64, r-release-macos-arm64, r-release-macos-x86_64, r-release-windows-x86_64, r-oldrel-macos-arm64, r-oldrel-macos-x86_64, r-oldrel-windows-ix86+x86_64
Version: 0.2.0
Check: LazyData
Result: NOTE
'LazyData' is specified without a 'data' directory
Flavors: r-devel-linux-x86_64-debian-clang, r-devel-linux-x86_64-debian-gcc, r-devel-linux-x86_64-fedora-clang, r-devel-linux-x86_64-fedora-gcc, r-patched-linux-x86_64, r-release-linux-x86_64, r-release-macos-arm64, r-release-macos-x86_64, r-release-windows-x86_64, r-oldrel-macos-arm64, r-oldrel-macos-x86_64, r-oldrel-windows-ix86+x86_64