Last updated on 2022-04-24 03:52:33 CEST.
Flavor | Version | Tinstall | Tcheck | Ttotal | Status | Flags |
---|---|---|---|---|---|---|
r-devel-linux-x86_64-debian-clang | 1.5.6 | 10.73 | 39.84 | 50.57 | OK | |
r-devel-linux-x86_64-debian-gcc | 1.5.6 | 7.69 | 29.41 | 37.10 | OK | |
r-devel-linux-x86_64-fedora-clang | 1.5.6 | 62.95 | OK | |||
r-devel-linux-x86_64-fedora-gcc | 1.5.6 | 49.82 | OK | |||
r-patched-linux-x86_64 | 1.5.6 | 8.68 | 36.87 | 45.55 | OK | |
r-release-linux-x86_64 | 1.5.6 | 8.13 | 37.01 | 45.14 | OK | |
r-release-macos-arm64 | 1.5.6 | OK | ||||
r-release-macos-x86_64 | 1.5.6 | OK | ||||
r-release-windows-x86_64 | 1.5.6 | 35.00 | 80.00 | 115.00 | OK | |
r-oldrel-macos-arm64 | 1.5.6 | OK | ||||
r-oldrel-macos-x86_64 | 1.5.6 | OK | ||||
r-oldrel-windows-ix86+x86_64 | 1.5.6 | 23.00 | 55.00 | 78.00 | NOTE |
Version: 1.5.6
Check: installed package size
Result: NOTE
installed size is 6.8Mb
sub-directories of 1Mb or more:
libs 6.7Mb
Flavor: r-oldrel-windows-ix86+x86_64