Last updated on 2022-04-24 03:52:33 CEST.
Flavor | Version | Tinstall | Tcheck | Ttotal | Status | Flags |
---|---|---|---|---|---|---|
r-devel-linux-x86_64-debian-clang | 2.7-6 | 118.11 | 404.54 | 522.65 | OK | |
r-devel-linux-x86_64-debian-gcc | 2.7-6 | 97.50 | 297.08 | 394.58 | OK | |
r-devel-linux-x86_64-fedora-clang | 2.7-6 | 653.96 | NOTE | |||
r-devel-linux-x86_64-fedora-gcc | 2.7-6 | 626.16 | OK | |||
r-patched-linux-x86_64 | 2.7-6 | 104.13 | 377.41 | 481.54 | OK | |
r-release-linux-x86_64 | 2.7-6 | 96.85 | 361.67 | 458.52 | OK | |
r-release-macos-arm64 | 2.7-6 | NOTE | ||||
r-release-macos-x86_64 | 2.7-6 | NOTE | ||||
r-release-windows-x86_64 | 2.7-6 | 123.00 | 491.00 | 614.00 | NOTE | |
r-oldrel-macos-arm64 | 2.7-6 | NOTE | ||||
r-oldrel-macos-x86_64 | 2.7-6 | NOTE | ||||
r-oldrel-windows-ix86+x86_64 | 2.7-6 | 252.00 | 722.00 | 974.00 | NOTE |
Version: 2.7-6
Check: installed package size
Result: NOTE
installed size is 9.8Mb
sub-directories of 1Mb or more:
data 2.1Mb
libs 5.0Mb
Flavors: r-devel-linux-x86_64-fedora-clang, r-release-macos-arm64, r-release-macos-x86_64, r-release-windows-x86_64, r-oldrel-macos-arm64, r-oldrel-macos-x86_64, r-oldrel-windows-ix86+x86_64
Version: 2.7-6
Check: Rd cross-references
Result: NOTE
Undeclared packages ‘combinat’, ‘unifDAG’ in Rd xrefs
Flavor: r-devel-linux-x86_64-fedora-clang